USE productos_profesor;

-- Inserta el área llamada Estadística
INSERT INTO area (nombre) VALUES ('Estadística');

-- Inserta el resto de las áreas
INSERT INTO area (nombre) VALUES
	('Optimización'),
	('Computación'),
	('Sistemas');

-- Inserta Profesores
INSERT INTO profesor(numero_economico,nombre,
primer_apellido,segundo_apellido,grado_academico,area_id_area) VALUES
('31749','Josué','Figueroa','González','Maestría',3),
('32442','Hector','Cortés','León','Maestría',3),
('21311','Irma','Ardón','Pulido','Maestría',3),
('14937','Marco Antonio','Gutiérrez','Villegas','Doctorado',3),
('20197','Francisco','Zaragoza','Martínez','Doctorado',2),
('24709','Oscar','Herrera','Alcántara','Doctorado',2),
('17204','Silvia Beatriz','González','Brambila','Doctorado',3),
('36345','Crevel','Santiago','Bautista','Doctorado',2),
('30761','Lizbeth','Gallardo','López','Doctorado',4),
('30246','Beatriz','González','Beltrán','Doctorado',4),
('17060','Hugo','Pablo','Leiva','Maestría',4),
('16619','Miguel Angel','Abreu','Hernández','Maestría',1),
('31213','Pedro','Lara','Velázquez','Doctorado',1),
('09733','Rafael','López','Bracho','Doctorado',1);

-- Inserta Proyectos de Investigación
INSERT INTO proyecto_investigacion (nombre,area_id_area) VALUES 
('Identificación de las variaciones control de tráfico en una zona poblada',1),
('El efecto de las variaciones en la estadística compleja',1),
('Problema de coloreado de gráficas',2),
('Coloración de grafos robustos',2),
('Navegación por visión en un entorno con obstáculos',3),
('Inteligencia artificial aplicada a sistemas',3),
('Desarrollo de nuevos sistemas de producción de software',4),
('La seguridad en el diseño de sistemas de información',4);

-- Relacionando Profesores con Proyectos
INSERT INTO profesor_proyecto_investigacion(
profesor_numero_economico,
proyecto_investigacion_id_proyecto_investigacion,
rol)
VALUES
('09733',1,'Participante'),
('16619',1,'Responsable'),
('32442',1,'Participante'),
('14937',1,'Participante');


INSERT INTO profesor_proyecto_investigacion(
profesor_numero_economico,
proyecto_investigacion_id_proyecto_investigacion,
rol)
VALUES
('21311',2,'Participante'),
('31213',2,'Responsable'),
('16619',2,'Participante'),
('30246',2,'Participante');

INSERT INTO profesor_proyecto_investigacion(
profesor_numero_economico,
proyecto_investigacion_id_proyecto_investigacion,
rol)
VALUES
('17060',3,'Participante'),
('36345',3,'Responsable'),
('24709',3,'Participante'),
('20197',3,'Participante');

INSERT INTO profesor_proyecto_investigacion(
profesor_numero_economico,
proyecto_investigacion_id_proyecto_investigacion,
rol)
VALUES
('31213',4,'Participante'),
('09733',4,'Responsable'),
('36345',4,'Participante'),
('20197',4,'Participante');

INSERT INTO profesor_proyecto_investigacion(
profesor_numero_economico,
proyecto_investigacion_id_proyecto_investigacion,
rol)
VALUES
('31749',5,'Participante'),
('21311',5,'Responsable'),
('30246',5,'Participante'),
('14937',5,'Participante');

INSERT INTO profesor_proyecto_investigacion(
profesor_numero_economico,
proyecto_investigacion_id_proyecto_investigacion,
rol)
VALUES
('31213',6,'Participante'),
('17060',6,'Responsable'),
('31749',6,'Participante'),
('30246',6,'Participante');

INSERT INTO profesor_proyecto_investigacion(
profesor_numero_economico,
proyecto_investigacion_id_proyecto_investigacion,
rol)
VALUES
('31749',7,'Participante'),
('30246',7,'Responsable'),
('30761',7,'Participante'),
('24709',7,'Participante');

INSERT INTO profesor_proyecto_investigacion(
profesor_numero_economico,
proyecto_investigacion_id_proyecto_investigacion,
rol)
VALUES
('32442',8,'Participante'),
('30761',8,'Responsable'),
('14937',8,'Participante'),
('21311',8,'Participante');
